2211157363 prime?
True
Is 329890193 a prime number?
False
Is 17318459833 a prime number?
True
Is 5816576294 a prime number?
False
Is 167273749 prime?
True
Is 3534427357 a composite number?
True
Is 22963471941 a prime number?
False
Is 74466383 prime?
True
Is 3306739223 composite?
True
Is 2284275587 composite?
True
Is 3244593211 a prime number?
True
Is 6928147169 a prime number?
True
Is 208556060759 a prime number?
True
Is 6653566901 composite?
False
Is 82637507 composite?
False
Is 4371581 prime?
True
Is 7680422303 a composite number?
False
Is 1115719837 a composite number?
True
Is 12459144083 prime?
False
Is 1244765891 a prime number?
False
Is 11169943661 composite?
True
Is 202593169453 prime?
True
Is 4301498983 composite?
False
Is 2067501973 a composite number?
False
Is 929495279 a composite number?
True
Is 26138026561 composite?
False
Is 9803408731 prime?
True
Is 138368144071 composite?
False
Is 107476524667 a prime number?
False
Is 230929661 a prime number?
False
Is 968949379 a prime number?
True
Is 272004553699 composite?
False
Is 93596561 composite?
True
Is 2002068401 prime?
True
Is 223222067 a composite number?
False
Is 26449966013 prime?
False
Is 283531177 composite?
True
Is 2299338031 prime?
True
Is 2758389521 composite?
True
Is 40397796859 a prime number?
False
Is 129426571 composite?
False
Is 2531122831 a prime number?
True
Is 42564754613 a prime number?
True
Is 7270034731 a composite number?
False
Is 214494751 prime?
False
Is 9654460997 a prime number?
True
Is 1996418659 composite?
True
Is 6032163569 a prime number?
True
Is 433012981 prime?
True
Is 7814725393 prime?
False
Is 26497890053 prime?
True
Is 3882132479 a composite number?
False
Is 13321427543 a composite number?
False
Is 92641847 prime?
False
Is 89246018759 a composite number?
False
Is 9824933731 prime?
True
Is 72124777 composite?
True
Is 116133859 prime?
True
Is 459315539 a prime number?
True
Is 2012228639 a prime number?
True
Is 565864963 a prime number?
True
Is 6164838991 a composite number?
False
Is 2082227471 a prime number?
True
Is 393797539 composite?
True
Is 216607151 a composite number?
False
Is 8489163773 prime?
True
Is 57316869439 prime?
False
Is 46441366 a composite number?
True
Is 2387724343 a composite number?
True
Is 38412458503 a composite number?
True
Is 368860967 composite?
False
Is 16857939341 composite?
False
Is 125189401 a prime number?
False
Is 3671202415 prime?
False
Is 9175284847 composite?
False
Is 201988313479 prime?
True
Is 69598862763 a prime number?
False
Is 9173952521 composite?
False
Is 2466383317 prime?
True
Is 26414605403 prime?
True
Is 24312956165 prime?
False
Is 76503153359 prime?
False
Is 22193797711 composite?
True
Is 9357411113 a prime number?
True
Is 623147003 a prime number?
True
Is 971788199 a prime number?
False
Is 79200521 a prime number?
True
Is 19199469665 composite?
True
Is 2023970957 a prime number?
True
Is 6496250833 a composite number?
False
Is 3446183149 prime?
True
Is 3143128673 composite?
False
Is 2390210477 a composite number?
False
Is 14110903099 prime?
True
Is 2112043585 a prime number?
False
Is 6800986139 composite?
False
Is 2283655079 composite?
False
Is 285197623 composite?
False
Is 565987619 a prime number?
True
Is 22563973405 a prime number?
False
Is 9390732223 a composite number?
False
Is 4942178818 composite?
True
Is 14220831173 prime?
False
Is 206973241 a prime number?
True
Is 3327882587 a prime number?
True
Is 1182976747 a prime number?
True
Is 12577768139 a prime number?
False
Is 652380511 a prime number?
True
Is 571608682 a composite number?
True
Is 1170704401 a prime number?
True
Is 604339107 composite?
True
Is 68365579 prime?
True
Is 15276763807 a prime number?
True
Is 102366139 a composite number?
False
Is 644573117 a prime number?
True
Is 1418056301 a composite number?
False
Is 450134591 prime?
True
Is 17316269 a prime number?
True
Is 4232402803 prime?
True
Is 896203243 a prime number?
False
Is 18233863 a composite number?
True
Is 33567742238 prime?
False
Is 3414643519 composite?
True
Is 2476966039 prime?
True
Is 2147451563 prime?
True
Is 7015060541 composite?
False
Is 149563223 a prime number?
True
Is 3056941142 a prime number?
False
Is 33898316831 a composite number?
False
Is 1201808239 a composite number?
True
Is 494201587 a prime number?
False
Is 321244009 prime?
True
Is 8335873961 a composite number?
False
Is 134493877909 composite?
True
Is 157914267481 prime?
False
Is 54759536263 a prime number?
False
Is 3522082891 prime?
False
Is 4762795603 prime?
True
Is 176937995761 a prime number?
True
Is 14711506079 prime?
True
Is 15540518991 a prime number?
False
Is 640874711 a prime number?
True
Is 102275936003 a prime number?
True
Is 7509270871 a composite number?
False
Is 1439898191 prime?
True
Is 3597838447 prime?
False
Is 2672394691 a composite number?
False
Is 109490800413 composite?
True
Is 29992357 a composite number?
True
Is 15534132013 a composite number?
False
Is 482962274 a prime number?
False
Is 29836113661 a prime number?
True
Is 65655870341 a prime number?
False
Is 5200644809 composite?
False
Is 27057222377 composite?
False
Is 56641508333 prime?
False
Is 422889541 a prime number?
True
Is 2079458191 composite?
False
Is 9276670357 a composite number?
False
Is 583800377 prime?
True
Is 25652659091 composite?
True
Is 19575600169 composite?
False
Is 12031891527 composite?
True
Is 4584860977 a prime number?
True
Is 18488072329 composite?
False
Is 58704292263 composite?
True
Is 12304046879 a prime number?
True
Is 3555142819 a composite number?
False
Is 153778788637 prime?
True
Is 5627861 prime?
True
Is 4050774313 prime?
True
Is 857179121 composite?
False
Is 810983891 composite?
True
Is 1708332637 a composite number?
True
Is 34249121 prime?
False
Is 7867354171 a prime number?
False
Is 6117120463 a prime number?
True
Is 13183844033 composite?
True
Is 101528221 a prime number?
False
Is 109246507639 composite?
True
Is 245578471 a prime number?
False
Is 3751066027 a composite number?
False
Is 1437790222507 prime?
True
Is 840123457 a prime number?
True
Is 11021511931 a composite number?
False
Is 44256449 prime?
True
Is 124929269747 prime?
True
Is 3808014513 prime?
False
Is 13564407821 a composite number?
False
Is 3068409277 prime?
False
Is 64343494537 composite?
True
Is 18426909331 a composite number?
True
Is 1536408227 composite?
False
Is 112787642083 composite?
False
Is 1062932183 a prime number?
True
Is 11472740353 a composite number?
False
Is 2973148729 a prime number?
True
Is 3118656091 prime?
False
Is 36447792221 prime?
True
Is 2035910641 composite?
False
Is 93529847 composite?
True
Is 2775333647 a prime number?
True
Is 21112922057 prime?
True
Is 7795241459 a composite number?
False
Is 4382619251 composite?
True
Is 21236106431 composite?
False
Is 210507335 prime?
False
Is 15905573009 a prime number?
False
Is 9565040479 prime?
False
Is 593984021 prime?
True
Is 35440336333 a composite number?
False
Is 59707120871 composite?
True
Is 5616400001 prime?
True
Is 223154363 prime?
False
Is 986273693 a prime number?
True
Is 822908497 a composite number?
True
Is 26933137577 a prime number?
False
Is 2331831063 a prime number?
False
Is 24646436011 a prime number?
True
Is 45404299 prime?
True
Is 4616288849 composite?
True
Is 79427921 prime?
False
Is 23441631791 a prime number?
False
Is 22001303 composite?
False
Is 3370207153 composite?
True
Is 733364213 prime?
True
Is 28543165379 a prime number?
True
Is 12600488435 prime?
False
Is 1099097203 composite?
True
Is 909444749 composite?
False
Is 109159224767 a composite number?
False
Is 32183425811 a composite number?
False
Is 873887611 a prime number?
True
Is 25961498821 prime?
False
Is 1625113397 a composite number?
True
Is 2326458353 a composite number?
True
Is 1489681307 prime?
False
Is 2022306023 a composite number?
False
Is 797067239 prime?
True
Is 229814597 composite?
True
Is 345817471 a prime number?
False
Is 7402318181 a composite number?
True
Is 10119565969 a prime number?
True
Is 342148993 composite?
False
Is 65862272521 composite?
True
Is 244772447 a prime number?
True
Is 117313538689 a composite number?
False
Is 1253411053 a prime number?
True
Is 1146560939 a prime number?
False
Is 1815186083 a prime number?
False
Is 119006284147 a composite number?
False